et d = -1413 - -1417. What is the remainder when 85 is divided by d?
1
Let a(h) = h**2 - 68*h + 12. Calculate the remainder when a(-8) is divided by 31.
0
Suppose -14*n - 649 = 317. Let j = 302 - n. Calculate the remainder when j is divided by 31.
30
Suppose 8*x - 21 = x. Let d be 18/4*(1 - x). What is the remainder when 56 is divided by 3 + (0/1 - d)?
8
Suppose 7 = -4*z + 31. What is the remainder when (15*2)/(2301/1534) is divided by z?
2
Let a = -58 + 61. Suppose 4*r - 4*n - 13 - a = 0, -4*n = -2*r + 12. Calculate the remainder when (12/(-10))/(r*(-15)/200) is divided by 6.
2
Calculate the remainder when 520 is divided by ((-43)/(-1032))/(2/(-534))*-8.
75
Let j(o) = -o**3 + 61*o + 843*o**2 - 68 + 35 - 861*o**2. Let k = 37 + -22. What is the remainder when k is divided by j(-21)?
6
Suppose -96*x + 2359 = -6445 - 604. Suppose 6*g - 4*g = -12. Calculate the remainder when x is divided by 975/(-13)*2/g.
23
Suppose -18*n + 259 = -29. Suppose -17*l + 13*l + n = 0, -k - 4*l + 86 = 0. Calculate the remainder when k is divided by -2 + 0 + 4 + 16.
16
Calculate the remainder when 1849 is divided by 66/(-9)*594/(-99).
1
Calculate the remainder when 187 is divided by 40/(-160) - ((-4455)/(-12))/(-5).
39
Let f(w) = w - 11. Let s(l) = -3*l + 34. Let d(x) = 17*f(x) + 6*s(x). Let k be d(13). Suppose -66 - 14 = -k*h. What is the remainder when h is divided by 11?
9
Suppose -2*a + 22 = 3*a - w, a - 17 = -4*w. Suppose 6*h + 33 - 122 = 19. Calculate the remainder when h is divided by a.
3
Let u(b) = -b**2 + 15*b + 33. Let d be 3/((-2)/100*(-30)/4). Let c be u(d). Let n = -42 - c. What is the remainder when 47 is divided by n?
22
Suppose 20*v - 20829 = -4329. Suppose -5*i - 4*l = -v, 6*i = 2*i - l + 660. Calculate the remainder when i is divided by 21.
18
Suppose -3*u - 331 = q, 35*q - 31*q + u + 1346 = 0. Let f = -307 - q. What is the remainder when f is divided by 12?
6
Suppose 0 = 37*i - 30*i - 140. What is the remainder when 927 is divided by i?
7
Let o be (-3704)/(-8)*-2*(-2)/4. Let a = 489 - o. What is the remainder when 257 is divided by a?
23
What is the remainder when 451 is divided by ((1260/49)/(-12))/(4/(-56))?
1
Let d = 51 + -33. Calculate the remainder when (-250)/(-6) - 561/153 is divided by d.
2
Let z = -3747 - -3791. What is the remainder when 47 is divided by z?
3
Let t = -39 - -48. Let w(h) = h**3 - 7*h**2 - 2*h + 9. Let s be w(t). Suppose 407 = 8*g - s. What is the remainder when g is divided by 18?
16
Suppose 4*s - 40 = -2*o, 0 = 5*o - 1 - 9. Calculate the remainder when (135/225)/(3*2/180) is divided by s.
0
Let p be (0 + -2)*(-1 - 658). Suppose 0 = 21*i - 23*i + p. Calculate the remainder when i is divided by 11.
10
Suppose -270*y + 271*y - 7 = 0. What is the remainder when 40*y*(10 - 9) is divided by 96?
88
Let j(s) = 2*s**3 + 10*s**2 - 3*s - 81. What is the remainder when j(7) is divided by 90?
84
Let b = 119 + -33. Let d(c) = -13*c + 2239. What is the remainder when b is divided by d(170)?
28
Suppose -4*a = 2*y - 42, 6 = 4*y - 14. Calculate the remainder when 381 is divided by a.
5
Suppose -2277 = -34*f - 917. Let q = -402 + 1000. What is the remainder when q is divided by f?
38
Let m(t) be the first derivative of 4*t**2 + 103*t - 62. Calculate the remainder when 311 is divided by m(-11).
11
Suppose 3*z - 93 = -3*q, 4*z - 3*q - 121 = -4*q. Suppose 0 = -16*p - 47 + 255. What is the remainder when z is divided by p?
4
Suppose 20*r - 24*r + 32 = 0. Suppose -2*l + 52 = r. What is the remainder when (106/4)/(11/l) is divided by 11?
9
Let p(l) = -695*l + 1104. What is the remainder when p(-3) is divided by 38?
35
Let r = -93 - -98. Suppose 0 = 4*l - r*k - 31, 5*l = 8*l + 3*k - 30. Let y(m) = 9*m + 7. Calculate the remainder when y(4) is divided by l.
7
Let t(i) = -101*i - 33. Let f be t(-3). What is the remainder when 176 is divided by (-424)/265*(f/(-4))/3?
32
Let t = -11859 + 13832. What is the remainder when t is divided by 76?
73
Let l(i) = i**3 + 13*i**2 + i - 155. Let m be l(-11). What is the remainder when m/8*(-5 + 1)/(-2) is divided by 11?
8
Suppose 338*x - 352*x + 1988 = 0. Calculate the remainder when x is divided by 117.
25
Let c = -10496 - -10642. What is the remainder when c is divided by 9?
2
Let q(g) = 525*g**3 - g**2 + 1997*g - 1996. Calculate the remainder when q(1) is divided by 477.
48
Suppose 5*h + s - 19 = 0, 3*h = -3*s + 18 + 3. Suppose 20 = -2*g + 3*x, -5*g + h*x = x + 28. Let f = g - -13. What is the remainder when 35 is divided by f?
8
Let i = 323 + -307. Suppose i*x - 210 = 2*x. Calculate the remainder when 296 is divided by x.
11
Let l = -78 + 198. Let o be 7*-2*21/(-14). Suppose -2*f + o = -61. What is the remainder when l is divided by f?
38
Let t(z) = 67*z - 3677. What is the remainder when 1430 is divided by t(56)?
5
Let u(z) = -125 - 130 + 3*z + 365 - 164. What is the remainder when 262 is divided by u(26)?
22
Suppose 2*a - 23 = 13. Let h = 108 - 106. Suppose 6*y - 568 = -4*f + y, 3*f + h*y = 426. What is the remainder when f is divided by a?
16
Suppose 0 = -4*m + 5*c + 105, 99 = 3*m + 2*c + c. Let f be -3*(-8)/36 - 1355/(-15). Let p = f - 75. Calculate the remainder when m is divided by p.
14
Suppose 3*n - 272 = -5*l, -4*l + 5*n + 207 = -18. Let w = -727 + 734. Suppose 2*d = w*d - l. What is the remainder when d is divided by 3?
2
Let l(s) = -3*s - 12. Let g be l(-5). Suppose 0 = -d + 2*j + 326, -g*d - 5*j = -j - 938. Suppose d - 93 = 3*b. What is the remainder when b is divided by 19?
18
Suppose 8*b = -7*b + 4485. Suppose -b + 398 = 11*t. What is the remainder when 296 is divided by t?
8
Let o = 4726 - 4137. What is the remainder when o is divided by 35?
29
Let b = 207 + -203. Suppose 4*n - 204 = -2*y, b*n - 59 = 3*y + 125. Calculate the remainder when n is divided by 24.
1
Suppose -4*i + 5*j - 412 = -0*i, 3*j = -4*i - 380. Calculate the remainder when 236 is divided by i/4*(-16)/28.
12
Let r(n) = n**3 + 23*n**2 - 54*n + 53. Let k be r(-25). Suppose k = 3*z + 3*m, 2*m - 12 + 2 = 0. What is the remainder when 189 is divided by z?
5
Let k be ((-10)/(-4) + -1)*-2. Let p = 964 - 975. What is the remainder when 39 is divided by (-44)/16*(p - k)/2?
6
Let j = 64184 + -63826. Let z(f) = f**3 + 20. What is the remainder when j is divided by z(0)?
18
Suppose 57*g - 4001 = 2329 + 3531. Calculate the remainder when 1382 is divided by g.
171
Suppose g - 2925 = -j, -57*g + 54*g + 3*j = -8745. Calculate the remainder when g is divided by 416.
8
Suppose -5*h + 176 = -d - 799, 3*d = -15. Let y = -270 - -263. Let n(x) = -x + 42. Calculate the remainder when h is divided by n(y).
47
Let t = 664 + -683. Let w(b) = 3*b + 182. Calculate the remainder when w(t) is divided by 37.
14
Let o(c) = 248*c**2 + 2*c - 2. Let n be o(1). Suppose 5*m = v - 124, 20*m = 2*v + 18*m - n. Calculate the remainder when v is divided by 63.
61
Let k = -59 - -65. Suppose k*y = 8*y - 8. Suppose a = 17 - y. What is the remainder when 38 is divided by a?
12
Suppose -69*p + 67*p - 3*o + 533 = 0, 0 = -4*p - 3*o + 1057. Calculate the remainder when p is divided by 33.
31
Suppose 39*q - 18*q = -57*q + 114738. What is the remainder when q is divided by 33?
19
Let i = 31 + -25. Suppose 0 = -i*l - 79 + 643. Suppose 0 = 2*f - l - 34. What is the remainder when f is divided by 6?
4
Let b = -693 - -803. Suppose -2592*k - b = -2597*k. What is the remainder when 107 is divided by k?
19
Suppose -4*x + 14 - 2 = -3*u, 0 = 2*u + 3*x - 9. Calculate the remainder when (u - 6)*(-221)/26 is divided by 26.
25
Suppose 0 = 16*s - 321 + 81. Calculate the remainder when 157 is divided by (192/80)/(2/s).
13
Let j = 199 + -194. Suppose -j*n = -2*v + 29, n = -2*v - 2*n + 69. Calculate the remainder when v is divided by 7.
6
Suppose 47 = 3*z - 2*z. Let i(r) = r - 84. Let d be i(-25). Let b = d - -125. Calculate the remainder when z is divided by b.
15
Let n(l) = -4*l**3 + l**2. Let r be n(-1). Suppose -f = 4*x - 4*f - 7, r*f = x + 11. Calculate the remainder when (-8)/((-1)/7 + 144/(-168)) is divided by x.
0
Let a = -2738 + 2808. Calculate the remainder when 230 is divided by a.
20
Let m be (-2)/5 - 12/(-30). Suppose m = 5*d + 6 - 26. Suppose -c = -d, -4*i - 2*c = c - 24. Calculate the remainder when 7 is divided by i.
1
Let v = -57651 + 57734. Suppose -4*g = -0*g - 116. What is